{"id":72,"date":"2025-01-23T13:22:29","date_gmt":"2025-01-23T13:22:29","guid":{"rendered":"https:\/\/galenoclinic.com\/estetica\/?page_id=72"},"modified":"2025-02-28T13:03:10","modified_gmt":"2025-02-28T13:03:10","slug":"cirugia-plastica","status":"publish","type":"page","link":"https:\/\/galenoclinic.com\/estetica\/servicios\/cirugia-plastica\/","title":{"rendered":"Cirug\u00eda Pl\u00e1stica"},"content":{"rendered":"\t\t<div data-elementor-type=\"wp-page\" data-elementor-id=\"72\" class=\"elementor elementor-72\" data-elementor-post-type=\"page\">\n\t\t\t\t<div class=\"elementor-element elementor-element-742603c0 e-con-full tratamiento-container e-flex e-con e-parent\" data-id=\"742603c0\" data-element_type=\"container\" interes=\"cirugiaPlastica\">\n\t\t<div class=\"elementor-element elementor-element-5cb8f516 e-con-full e-flex e-con e-child\" data-id=\"5cb8f516\" data-element_type=\"container\" data-settings=\"{&quot;sticky&quot;:&quot;top&quot;,&quot;sticky_on&quot;:[&quot;desktop&quot;,&quot;tablet&quot;],&quot;sticky_offset&quot;:120,&quot;sticky_parent&quot;:&quot;yes&quot;,&quot;sticky_effects_offset&quot;:0,&quot;sticky_anchor_link_offset&quot;:0}\">\n\t\t\t\t<div class=\"elementor-element elementor-element-756fe336 elementor-widget elementor-widget-heading\" data-id=\"756fe336\" data-element_type=\"widget\" data-widget_type=\"heading.default\">\n\t\t\t\t<div class=\"elementor-widget-container\">\n\t\t\t\t\t<h2 class=\"elementor-heading-title elementor-size-default\">Cirug\u00eda Pl\u00e1stica<\/h2>\t\t\t\t<\/div>\n\t\t\t\t<\/div>\n\t\t\t\t<div class=\"elementor-element elementor-element-5f8fb3f3 elementor-position-left elementor-mobile-position-left elementor-vertical-align-middle elementor-view-default elementor-widget elementor-widget-icon-box\" data-id=\"5f8fb3f3\" data-element_type=\"widget\" data-widget_type=\"icon-box.default\">\n\t\t\t\t<div class=\"elementor-widget-container\">\n\t\t\t\t\t\t\t<div class=\"elementor-icon-box-wrapper\">\n\n\t\t\t\t\t\t<div class=\"elementor-icon-box-icon\">\n\t\t\t\t<span  class=\"elementor-icon\">\n\t\t\t\t<svg xmlns=\"http:\/\/www.w3.org\/2000\/svg\" width=\"25\" height=\"24\" viewBox=\"0 0 25 24\" fill=\"none\"><path d=\"M23.6154 9.57692H14.9327L12.3077 1.5L9.68269 9.57692H1L8.06731 14.4231L5.34135 22.5L12.3077 17.4519L19.274 22.5L16.5481 14.4231L23.6154 9.57692Z\" stroke=\"black\" stroke-width=\"1.5\" stroke-linejoin=\"round\"><\/path><\/svg>\t\t\t\t<\/span>\n\t\t\t<\/div>\n\t\t\t\n\t\t\t\t\t\t<div class=\"elementor-icon-box-content\">\n\n\t\t\t\t\t\t\t\t\t<h3 class=\"elementor-icon-box-title\">\n\t\t\t\t\t\t<span  >\n\t\t\t\t\t\t\tPrimera visita gratis\t\t\t\t\t\t<\/span>\n\t\t\t\t\t<\/h3>\n\t\t\t\t\n\t\t\t\t\n\t\t\t<\/div>\n\t\t\t\n\t\t<\/div>\n\t\t\t\t\t\t<\/div>\n\t\t\t\t<\/div>\n\t\t\t\t<div class=\"elementor-element elementor-element-3e625d8b elementor-widget elementor-widget-button\" data-id=\"3e625d8b\" data-element_type=\"widget\" data-widget_type=\"button.default\">\n\t\t\t\t<div class=\"elementor-widget-container\">\n\t\t\t\t\t\t\t\t\t<div class=\"elementor-button-wrapper\">\n\t\t\t\t\t<a class=\"elementor-button elementor-button-link elementor-size-sm\" href=\"#contacto\">\n\t\t\t\t\t\t<span class=\"elementor-button-content-wrapper\">\n\t\t\t\t\t\t\t\t\t<span class=\"elementor-button-text\">Solicitar Informaci\u00f3n<\/span>\n\t\t\t\t\t<\/span>\n\t\t\t\t\t<\/a>\n\t\t\t\t<\/div>\n\t\t\t\t\t\t\t\t<\/div>\n\t\t\t\t<\/div>\n\t\t\t\t<\/div>\n\t\t<div class=\"elementor-element elementor-element-458c2ba5 e-con-full e-flex e-con e-child\" data-id=\"458c2ba5\" data-element_type=\"container\">\n\t\t\t\t<div class=\"elementor-element elementor-element-3651756a elementor-widget elementor-widget-image\" data-id=\"3651756a\" data-element_type=\"widget\" data-widget_type=\"image.default\">\n\t\t\t\t<div class=\"elementor-widget-container\">\n\t\t\t\t\t\t\t\t\t\t\t\t\t\t\t<img fetchpriority=\"high\" decoding=\"async\" width=\"1460\" height=\"1024\" src=\"https:\/\/galenoclinic.com\/estetica\/wp-content\/uploads\/sites\/3\/2025\/02\/equipo-quirurgico-1460x1024-1.jpeg\" class=\"attachment-full size-full wp-image-838\" alt=\"\" srcset=\"https:\/\/galenoclinic.com\/estetica\/wp-content\/uploads\/sites\/3\/2025\/02\/equipo-quirurgico-1460x1024-1.jpeg 1460w, https:\/\/galenoclinic.com\/estetica\/wp-content\/uploads\/sites\/3\/2025\/02\/equipo-quirurgico-1460x1024-1-300x210.jpeg 300w, https:\/\/galenoclinic.com\/estetica\/wp-content\/uploads\/sites\/3\/2025\/02\/equipo-quirurgico-1460x1024-1-1024x718.jpeg 1024w, https:\/\/galenoclinic.com\/estetica\/wp-content\/uploads\/sites\/3\/2025\/02\/equipo-quirurgico-1460x1024-1-768x539.jpeg 768w\" sizes=\"(max-width: 1460px) 100vw, 1460px\" \/>\t\t\t\t\t\t\t\t\t\t\t\t\t\t\t<\/div>\n\t\t\t\t<\/div>\n\t\t\t\t<div class=\"elementor-element elementor-element-50c66982 elementor-widget elementor-widget-text-editor\" data-id=\"50c66982\" data-element_type=\"widget\" data-widget_type=\"text-editor.default\">\n\t\t\t\t<div class=\"elementor-widget-container\">\n\t\t\t\t\t\t\t\t\t<h5><strong>Cirug\u00eda pl\u00e1stica de la mano del Dr. Agust\u00edn Blanch<\/strong><\/h5><p>M\u00e9dico Especialista en Cirug\u00eda Pl\u00e1stica, Est\u00e9tica y Reparadora por la Universidad de Mil\u00e1n (Italia). Obtenci\u00f3n del primer puesto en el \u201cConcurso Oposici\u00f3n Nacional Italiano\u201d para cursar la Especialidad de Cirug\u00eda Pl\u00e1stica, Est\u00e9tica y Reparadora con Beca de Ministerio de Universidades Italiano en la Universidad de Mil\u00e1n, siendo el primer miembro de la Comunidad Econ\u00f3mica Europea no italiano que lo consigue.<\/p><p>El Dr. Blanch es tambi\u00e9n un reconocido Profesor desde el a\u00f1o 2006 de la Universit\u00e0 Degli Studi di Milano, Catedra di Chirurgia Plastica ed Recosttrutiva.<br \/><br \/>Experto en cirugia estetica facial y medicina estetica facial, pionero de otoplastia tecnica EarFold sin cirugia.<\/p><p>\u00a0<\/p><h5><strong>Especialidad en:<\/strong><\/h5><ul><li>Blefaroplastia<\/li><li>Rinoplastia<\/li><li>Aumento de mamas<\/li><li>Lipol\u00e1ser<\/li><li>Rejuvenecimiento facial<\/li><li>Ginecomastia<\/li><\/ul><p>\u00a0<\/p><p>Visita <a href=\"https:\/\/www.doctorblanch.com\/\">https:\/\/www.doctorblanch.com\/<\/a> para m\u00e1s informaci\u00f3n.<\/p>\t\t\t\t\t\t\t\t<\/div>\n\t\t\t\t<\/div>\n\t\t<div class=\"elementor-element elementor-element-1141057d e-con-full e-flex e-con e-child\" data-id=\"1141057d\" data-element_type=\"container\" id=\"contacto\" data-settings=\"{&quot;background_background&quot;:&quot;classic&quot;}\">\n\t\t\t\t<div class=\"elementor-element elementor-element-50ea3608 elementor-widget elementor-widget-heading\" data-id=\"50ea3608\" data-element_type=\"widget\" data-widget_type=\"heading.default\">\n\t\t\t\t<div class=\"elementor-widget-container\">\n\t\t\t\t\t<h2 class=\"elementor-heading-title elementor-size-default\">Solicita informaci\u00f3n sin compromiso.<\/h2>\t\t\t\t<\/div>\n\t\t\t\t<\/div>\n\t\t\t\t<div class=\"elementor-element elementor-element-b808d39 formulario-interes-servicio elementor-button-align-stretch elementor-widget elementor-widget-global elementor-global-1481 elementor-widget-form\" data-id=\"b808d39\" data-element_type=\"widget\" data-settings=\"{&quot;step_next_label&quot;:&quot;Next&quot;,&quot;step_previous_label&quot;:&quot;Previous&quot;,&quot;button_width&quot;:&quot;100&quot;,&quot;step_type&quot;:&quot;number_text&quot;,&quot;step_icon_shape&quot;:&quot;circle&quot;}\" data-widget_type=\"form.default\">\n\t\t\t\t<div class=\"elementor-widget-container\">\n\t\t\t\t\t\t\t<form class=\"elementor-form\" method=\"post\" name=\"Formulario: General\">\n\t\t\t<input type=\"hidden\" name=\"post_id\" value=\"72\"\/>\n\t\t\t<input type=\"hidden\" name=\"form_id\" value=\"b808d39\"\/>\n\t\t\t<input type=\"hidden\" name=\"referer_title\" value=\"Galeno Clinic Est\u00e9tica\" \/>\n\n\t\t\t\n\t\t\t<div class=\"elementor-form-fields-wrapper elementor-labels-above\">\n\t\t\t\t\t\t\t\t<div class=\"elementor-field-type-email elementor-field-group elementor-column elementor-field-group-email elementor-col-100 elementor-field-required\">\n\t\t\t\t\t\t\t\t\t\t\t\t<label for=\"form-field-email\" class=\"elementor-field-label\">\n\t\t\t\t\t\t\t\tTu email\t\t\t\t\t\t\t<\/label>\n\t\t\t\t\t\t\t\t\t\t\t\t\t\t<input size=\"1\" type=\"email\" name=\"form_fields[email]\" id=\"form-field-email\" class=\"elementor-field elementor-size-sm  elementor-field-textual\" placeholder=\"Tu email\" required=\"required\">\n\t\t\t\t\t\t\t\t\t\t\t<\/div>\n\t\t\t\t\t\t\t\t<div class=\"elementor-field-type-text elementor-field-group elementor-column elementor-field-group-name elementor-col-50\">\n\t\t\t\t\t\t\t\t\t\t\t\t<label for=\"form-field-name\" class=\"elementor-field-label\">\n\t\t\t\t\t\t\t\tNombre\t\t\t\t\t\t\t<\/label>\n\t\t\t\t\t\t\t\t\t\t\t\t\t\t<input size=\"1\" type=\"text\" name=\"form_fields[name]\" id=\"form-field-name\" class=\"elementor-field elementor-size-sm  elementor-field-textual\" placeholder=\"Nombre\">\n\t\t\t\t\t\t\t\t\t\t\t<\/div>\n\t\t\t\t\t\t\t\t<div class=\"elementor-field-type-text elementor-field-group elementor-column elementor-field-group-field_07de1e6 elementor-col-50\">\n\t\t\t\t\t\t\t\t\t\t\t\t<label for=\"form-field-field_07de1e6\" class=\"elementor-field-label\">\n\t\t\t\t\t\t\t\tApellido(s)\t\t\t\t\t\t\t<\/label>\n\t\t\t\t\t\t\t\t\t\t\t\t\t\t<input size=\"1\" type=\"text\" name=\"form_fields[field_07de1e6]\" id=\"form-field-field_07de1e6\" class=\"elementor-field elementor-size-sm  elementor-field-textual\" placeholder=\"Apellido(s)\">\n\t\t\t\t\t\t\t\t\t\t\t<\/div>\n\t\t\t\t\t\t\t\t<div class=\"elementor-field-type-select elementor-field-group elementor-column elementor-field-group-interes_dropdown elementor-col-100\">\n\t\t\t\t\t\t\t\t\t\t\t\t<label for=\"form-field-interes_dropdown\" class=\"elementor-field-label\">\n\t\t\t\t\t\t\t\t\u00bfQu\u00e9 servicio te interesa?\t\t\t\t\t\t\t<\/label>\n\t\t\t\t\t\t\t\t<div class=\"elementor-field elementor-select-wrapper remove-before \">\n\t\t\t<div class=\"select-caret-down-wrapper\">\n\t\t\t\t<svg aria-hidden=\"true\" class=\"e-font-icon-svg e-eicon-caret-down\" viewBox=\"0 0 571.4 571.4\" xmlns=\"http:\/\/www.w3.org\/2000\/svg\"><path d=\"M571 393Q571 407 561 418L311 668Q300 679 286 679T261 668L11 418Q0 407 0 393T11 368 36 357H536Q550 357 561 368T571 393Z\"><\/path><\/svg>\t\t\t<\/div>\n\t\t\t<select name=\"form_fields[interes_dropdown]\" id=\"form-field-interes_dropdown\" class=\"elementor-field-textual elementor-size-sm\">\n\t\t\t\t\t\t\t\t\t<option value=\"empty\">\u00bfQu\u00e9 servicio te interesa?<\/option>\n\t\t\t\t\t\t\t\t\t<option value=\"blanqueamientoDental\">Blanqueamiento Dental<\/option>\n\t\t\t\t\t\t\t\t\t<option value=\"cirugiaPlastica\">Cirug\u00eda Pl\u00e1stica<\/option>\n\t\t\t\t\t\t\t\t\t<option value=\"depilacionLaser\">Depilaci\u00f3n L\u00e1ser<\/option>\n\t\t\t\t\t\t\t\t\t<option value=\"nutricionYDietas\">Nutrici\u00f3n &amp; Dietas<\/option>\n\t\t\t\t\t\t\t\t\t<option value=\"tarjetaRegalo\">Tarjeta Regalo<\/option>\n\t\t\t\t\t\t\t\t\t<option value=\"tratamientosCorporales\">Tratamientos Corporales<\/option>\n\t\t\t\t\t\t\t\t\t<option value=\"tratamientosFaciales\">Tratamientos Faciales<\/option>\n\t\t\t\t\t\t\t\t\t<option value=\"unidadCapilar\">Unidad Capilar<\/option>\n\t\t\t\t\t\t\t\t\t<option value=\"asesoramiento\">No lo s\u00e9, necesito asesoramiento<\/option>\n\t\t\t\t\t\t\t<\/select>\n\t\t<\/div>\n\t\t\t\t\t\t<\/div>\n\t\t\t\t\t\t\t\t<div class=\"elementor-field-type-textarea elementor-field-group elementor-column elementor-field-group-message elementor-col-100\">\n\t\t\t\t\t\t\t\t\t\t\t\t<label for=\"form-field-message\" class=\"elementor-field-label\">\n\t\t\t\t\t\t\t\t\u00bfNos quieres contar algo m\u00e1s?\t\t\t\t\t\t\t<\/label>\n\t\t\t\t\t\t<textarea class=\"elementor-field-textual elementor-field  elementor-size-sm\" name=\"form_fields[message]\" id=\"form-field-message\" rows=\"4\" placeholder=\"\u00bfNos quieres contar algo m\u00e1s?\"><\/textarea>\t\t\t\t<\/div>\n\t\t\t\t\t\t\t\t<div class=\"elementor-field-type-recaptcha_v3 elementor-field-group elementor-column elementor-field-group-field_372dfdd elementor-col-100 recaptcha_v3-bottomright\">\n\t\t\t\t\t<div class=\"elementor-field\" id=\"form-field-field_372dfdd\"><div class=\"elementor-g-recaptcha\" data-sitekey=\"6LeYssUqAAAAAOrzKVXVit0Q1KU8K-FVUpdKvgO4\" data-type=\"v3\" data-action=\"Form\" data-badge=\"bottomright\" data-size=\"invisible\"><\/div><\/div>\t\t\t\t<\/div>\n\t\t\t\t\t\t\t\t<div class=\"elementor-field-type-html elementor-field-group elementor-column elementor-field-group-field_3faf34b elementor-col-100\">\n\t\t\t\t\t<small>\n<b>PROTECCI\u00d3N DE DATOS:<\/b><br>\nDe conformidad con las normativas de protecci\u00f3n de datos, le facilitamos la siguiente informaci\u00f3n del tratamiento:<br>\nResponsable: BASILIO SAFAR URFALLI<br>\nFines del tratamiento: mantener una relaci\u00f3n comercial y enviar comunicaciones de productos o servicios<br>\nDerechos que le asisten: acceso, rectificaci\u00f3n, portabilidad, supresi\u00f3n, limitaci\u00f3n y oposici\u00f3n<br>M\u00e1s informaci\u00f3n en la <a href=\"https:\/\/galenoclinic.com\/politica-privacidad\/\" target=\"_blank\">Pol\u00edtica de Privacidad<\/a>\n<\/small>\t\t\t\t<\/div>\n\t\t\t\t\t\t\t\t<div class=\"elementor-field-type-acceptance elementor-field-group elementor-column elementor-field-group-field_a721186 elementor-col-100 elementor-field-required\">\n\t\t\t\t\t\t\t<div class=\"elementor-field-subgroup\">\n\t\t\t<span class=\"elementor-field-option\">\n\t\t\t\t<input type=\"checkbox\" name=\"form_fields[field_a721186]\" id=\"form-field-field_a721186\" class=\"elementor-field elementor-size-sm  elementor-acceptance-field\" required=\"required\" checked=\"checked\">\n\t\t\t\t<label for=\"form-field-field_a721186\"><small>Acepto el tratamiento de mis datos para el env\u00edo de comunicaciones de productos o servicios.<\/small><\/label>\t\t\t<\/span>\n\t\t<\/div>\n\t\t\t\t\t\t<\/div>\n\t\t\t\t\t\t\t\t<div class=\"elementor-field-group elementor-column elementor-field-type-submit elementor-col-100 e-form__buttons\">\n\t\t\t\t\t<button class=\"elementor-button elementor-size-sm\" type=\"submit\">\n\t\t\t\t\t\t<span class=\"elementor-button-content-wrapper\">\n\t\t\t\t\t\t\t\t\t\t\t\t\t\t\t\t\t\t\t\t\t\t<span class=\"elementor-button-text\">Enviar<\/span>\n\t\t\t\t\t\t\t\t\t\t\t\t\t<\/span>\n\t\t\t\t\t<\/button>\n\t\t\t\t<\/div>\n\t\t\t<\/div>\n\t\t<\/form>\n\t\t\t\t\t\t<\/div>\n\t\t\t\t<\/div>\n\t\t\t\t<\/div>\n\t\t\t\t<\/div>\n\t\t\t\t<\/div>\n\t\t\t\t<\/div>\n\t\t","protected":false},"excerpt":{"rendered":"<p>Primera visita gratis Solicitar Informaci\u00f3n Cirug\u00eda pl\u00e1stica de la mano del Dr. Agust\u00edn Blanch M\u00e9dico Especialista en Cirug\u00eda Pl\u00e1stica, Est\u00e9tica y Reparadora por la Universidad de Mil\u00e1n (Italia). Obtenci\u00f3n del primer puesto en el \u201cConcurso Oposici\u00f3n Nacional Italiano\u201d para cursar la Especialidad de Cirug\u00eda Pl\u00e1stica, Est\u00e9tica y Reparadora con Beca de Ministerio de Universidades Italiano [&hellip;]<\/p>\n","protected":false},"author":1,"featured_media":0,"parent":63,"menu_order":0,"comment_status":"closed","ping_status":"closed","template":"","meta":{"footnotes":""},"class_list":["post-72","page","type-page","status-publish","hentry"],"yoast_head":"<!-- This site is optimized with the Yoast SEO plugin v24.7 - https:\/\/yoast.com\/wordpress\/plugins\/seo\/ -->\n<title>Cirug\u00eda Pl\u00e1stica | Galeno Clinic Est\u00e9tica Ibiza<\/title>\n<meta name=\"description\" content=\"Cirug\u00eda pl\u00e1stica en Ibiza con resultados naturales y seguros. Primera consulta gratuita.\" \/>\n<meta name=\"robots\" content=\"index, follow, max-snippet:-1, max-image-preview:large, max-video-preview:-1\" \/>\n<link rel=\"canonical\" href=\"https:\/\/galenoclinic.com\/estetica\/servicios\/cirugia-plastica\/\" \/>\n<meta property=\"og:locale\" content=\"es_ES\" \/>\n<meta property=\"og:type\" content=\"article\" \/>\n<meta property=\"og:title\" content=\"Cirug\u00eda Pl\u00e1stica | Galeno Clinic Est\u00e9tica Ibiza\" \/>\n<meta property=\"og:description\" content=\"Cirug\u00eda pl\u00e1stica en Ibiza con resultados naturales y seguros. Primera consulta gratuita.\" \/>\n<meta property=\"og:url\" content=\"https:\/\/galenoclinic.com\/estetica\/servicios\/cirugia-plastica\/\" \/>\n<meta property=\"og:site_name\" content=\"Galeno Clinic Est\u00e9tica\" \/>\n<meta property=\"article:publisher\" content=\"https:\/\/www.facebook.com\/GalenoClinicIbiza\/?locale=es_ES\" \/>\n<meta property=\"article:modified_time\" content=\"2025-02-28T13:03:10+00:00\" \/>\n<meta property=\"og:image\" content=\"https:\/\/galenoclinic.com\/estetica\/wp-content\/uploads\/sites\/3\/2025\/02\/equipo-quirurgico-1460x1024-1.jpeg\" \/>\n<meta name=\"twitter:card\" content=\"summary_large_image\" \/>\n<meta name=\"twitter:label1\" content=\"Tiempo de lectura\" \/>\n\t<meta name=\"twitter:data1\" content=\"1 minuto\" \/>\n<script type=\"application\/ld+json\" class=\"yoast-schema-graph\">{\"@context\":\"https:\/\/schema.org\",\"@graph\":[{\"@type\":\"WebPage\",\"@id\":\"https:\/\/galenoclinic.com\/estetica\/servicios\/cirugia-plastica\/\",\"url\":\"https:\/\/galenoclinic.com\/estetica\/servicios\/cirugia-plastica\/\",\"name\":\"Cirug\u00eda Pl\u00e1stica | Galeno Clinic Est\u00e9tica Ibiza\",\"isPartOf\":{\"@id\":\"https:\/\/galenoclinic.com\/estetica\/#website\"},\"primaryImageOfPage\":{\"@id\":\"https:\/\/galenoclinic.com\/estetica\/servicios\/cirugia-plastica\/#primaryimage\"},\"image\":{\"@id\":\"https:\/\/galenoclinic.com\/estetica\/servicios\/cirugia-plastica\/#primaryimage\"},\"thumbnailUrl\":\"https:\/\/galenoclinic.com\/estetica\/wp-content\/uploads\/sites\/3\/2025\/02\/equipo-quirurgico-1460x1024-1.jpeg\",\"datePublished\":\"2025-01-23T13:22:29+00:00\",\"dateModified\":\"2025-02-28T13:03:10+00:00\",\"description\":\"Cirug\u00eda pl\u00e1stica en Ibiza con resultados naturales y seguros. Primera consulta gratuita.\",\"breadcrumb\":{\"@id\":\"https:\/\/galenoclinic.com\/estetica\/servicios\/cirugia-plastica\/#breadcrumb\"},\"inLanguage\":\"es\",\"potentialAction\":[{\"@type\":\"ReadAction\",\"target\":[\"https:\/\/galenoclinic.com\/estetica\/servicios\/cirugia-plastica\/\"]}]},{\"@type\":\"ImageObject\",\"inLanguage\":\"es\",\"@id\":\"https:\/\/galenoclinic.com\/estetica\/servicios\/cirugia-plastica\/#primaryimage\",\"url\":\"https:\/\/galenoclinic.com\/estetica\/wp-content\/uploads\/sites\/3\/2025\/02\/equipo-quirurgico-1460x1024-1.jpeg\",\"contentUrl\":\"https:\/\/galenoclinic.com\/estetica\/wp-content\/uploads\/sites\/3\/2025\/02\/equipo-quirurgico-1460x1024-1.jpeg\",\"width\":1460,\"height\":1024},{\"@type\":\"BreadcrumbList\",\"@id\":\"https:\/\/galenoclinic.com\/estetica\/servicios\/cirugia-plastica\/#breadcrumb\",\"itemListElement\":[{\"@type\":\"ListItem\",\"position\":1,\"name\":\"Home\",\"item\":\"https:\/\/galenoclinic.com\/estetica\/\"},{\"@type\":\"ListItem\",\"position\":2,\"name\":\"Servicios\",\"item\":\"https:\/\/galenoclinic.com\/estetica\/servicios\/\"},{\"@type\":\"ListItem\",\"position\":3,\"name\":\"Cirug\u00eda Pl\u00e1stica\"}]},{\"@type\":\"WebSite\",\"@id\":\"https:\/\/galenoclinic.com\/estetica\/#website\",\"url\":\"https:\/\/galenoclinic.com\/estetica\/\",\"name\":\"Galeno Clinic Est\u00e9tica\",\"description\":\"Medicina y Cirug\u00eda Est\u00e9tica\",\"publisher\":{\"@id\":\"https:\/\/galenoclinic.com\/estetica\/#organization\"},\"potentialAction\":[{\"@type\":\"SearchAction\",\"target\":{\"@type\":\"EntryPoint\",\"urlTemplate\":\"https:\/\/galenoclinic.com\/estetica\/?s={search_term_string}\"},\"query-input\":{\"@type\":\"PropertyValueSpecification\",\"valueRequired\":true,\"valueName\":\"search_term_string\"}}],\"inLanguage\":\"es\"},{\"@type\":\"Organization\",\"@id\":\"https:\/\/galenoclinic.com\/estetica\/#organization\",\"name\":\"Galeno Clinic Est\u00e9tica\",\"url\":\"https:\/\/galenoclinic.com\/estetica\/\",\"logo\":{\"@type\":\"ImageObject\",\"inLanguage\":\"es\",\"@id\":\"https:\/\/galenoclinic.com\/estetica\/#\/schema\/logo\/image\/\",\"url\":\"https:\/\/galenoclinic.com\/estetica\/wp-content\/uploads\/sites\/3\/2025\/01\/galenoEstetica_favicon.png\",\"contentUrl\":\"https:\/\/galenoclinic.com\/estetica\/wp-content\/uploads\/sites\/3\/2025\/01\/galenoEstetica_favicon.png\",\"width\":128,\"height\":128,\"caption\":\"Galeno Clinic Est\u00e9tica\"},\"image\":{\"@id\":\"https:\/\/galenoclinic.com\/estetica\/#\/schema\/logo\/image\/\"},\"sameAs\":[\"https:\/\/www.facebook.com\/GalenoClinicIbiza\/?locale=es_ES\",\"https:\/\/www.instagram.com\/galeno_clinic_ibiza\/?hl=es\"]}]}<\/script>\n<!-- \/ Yoast SEO plugin. -->","yoast_head_json":{"title":"Cirug\u00eda Pl\u00e1stica | Galeno Clinic Est\u00e9tica Ibiza","description":"Cirug\u00eda pl\u00e1stica en Ibiza con resultados naturales y seguros. Primera consulta gratuita.","robots":{"index":"index","follow":"follow","max-snippet":"max-snippet:-1","max-image-preview":"max-image-preview:large","max-video-preview":"max-video-preview:-1"},"canonical":"https:\/\/galenoclinic.com\/estetica\/servicios\/cirugia-plastica\/","og_locale":"es_ES","og_type":"article","og_title":"Cirug\u00eda Pl\u00e1stica | Galeno Clinic Est\u00e9tica Ibiza","og_description":"Cirug\u00eda pl\u00e1stica en Ibiza con resultados naturales y seguros. Primera consulta gratuita.","og_url":"https:\/\/galenoclinic.com\/estetica\/servicios\/cirugia-plastica\/","og_site_name":"Galeno Clinic Est\u00e9tica","article_publisher":"https:\/\/www.facebook.com\/GalenoClinicIbiza\/?locale=es_ES","article_modified_time":"2025-02-28T13:03:10+00:00","og_image":[{"url":"https:\/\/galenoclinic.com\/estetica\/wp-content\/uploads\/sites\/3\/2025\/02\/equipo-quirurgico-1460x1024-1.jpeg","type":"","width":"","height":""}],"twitter_card":"summary_large_image","twitter_misc":{"Tiempo de lectura":"1 minuto"},"schema":{"@context":"https:\/\/schema.org","@graph":[{"@type":"WebPage","@id":"https:\/\/galenoclinic.com\/estetica\/servicios\/cirugia-plastica\/","url":"https:\/\/galenoclinic.com\/estetica\/servicios\/cirugia-plastica\/","name":"Cirug\u00eda Pl\u00e1stica | Galeno Clinic Est\u00e9tica Ibiza","isPartOf":{"@id":"https:\/\/galenoclinic.com\/estetica\/#website"},"primaryImageOfPage":{"@id":"https:\/\/galenoclinic.com\/estetica\/servicios\/cirugia-plastica\/#primaryimage"},"image":{"@id":"https:\/\/galenoclinic.com\/estetica\/servicios\/cirugia-plastica\/#primaryimage"},"thumbnailUrl":"https:\/\/galenoclinic.com\/estetica\/wp-content\/uploads\/sites\/3\/2025\/02\/equipo-quirurgico-1460x1024-1.jpeg","datePublished":"2025-01-23T13:22:29+00:00","dateModified":"2025-02-28T13:03:10+00:00","description":"Cirug\u00eda pl\u00e1stica en Ibiza con resultados naturales y seguros. Primera consulta gratuita.","breadcrumb":{"@id":"https:\/\/galenoclinic.com\/estetica\/servicios\/cirugia-plastica\/#breadcrumb"},"inLanguage":"es","potentialAction":[{"@type":"ReadAction","target":["https:\/\/galenoclinic.com\/estetica\/servicios\/cirugia-plastica\/"]}]},{"@type":"ImageObject","inLanguage":"es","@id":"https:\/\/galenoclinic.com\/estetica\/servicios\/cirugia-plastica\/#primaryimage","url":"https:\/\/galenoclinic.com\/estetica\/wp-content\/uploads\/sites\/3\/2025\/02\/equipo-quirurgico-1460x1024-1.jpeg","contentUrl":"https:\/\/galenoclinic.com\/estetica\/wp-content\/uploads\/sites\/3\/2025\/02\/equipo-quirurgico-1460x1024-1.jpeg","width":1460,"height":1024},{"@type":"BreadcrumbList","@id":"https:\/\/galenoclinic.com\/estetica\/servicios\/cirugia-plastica\/#breadcrumb","itemListElement":[{"@type":"ListItem","position":1,"name":"Home","item":"https:\/\/galenoclinic.com\/estetica\/"},{"@type":"ListItem","position":2,"name":"Servicios","item":"https:\/\/galenoclinic.com\/estetica\/servicios\/"},{"@type":"ListItem","position":3,"name":"Cirug\u00eda Pl\u00e1stica"}]},{"@type":"WebSite","@id":"https:\/\/galenoclinic.com\/estetica\/#website","url":"https:\/\/galenoclinic.com\/estetica\/","name":"Galeno Clinic Est\u00e9tica","description":"Medicina y Cirug\u00eda Est\u00e9tica","publisher":{"@id":"https:\/\/galenoclinic.com\/estetica\/#organization"},"potentialAction":[{"@type":"SearchAction","target":{"@type":"EntryPoint","urlTemplate":"https:\/\/galenoclinic.com\/estetica\/?s={search_term_string}"},"query-input":{"@type":"PropertyValueSpecification","valueRequired":true,"valueName":"search_term_string"}}],"inLanguage":"es"},{"@type":"Organization","@id":"https:\/\/galenoclinic.com\/estetica\/#organization","name":"Galeno Clinic Est\u00e9tica","url":"https:\/\/galenoclinic.com\/estetica\/","logo":{"@type":"ImageObject","inLanguage":"es","@id":"https:\/\/galenoclinic.com\/estetica\/#\/schema\/logo\/image\/","url":"https:\/\/galenoclinic.com\/estetica\/wp-content\/uploads\/sites\/3\/2025\/01\/galenoEstetica_favicon.png","contentUrl":"https:\/\/galenoclinic.com\/estetica\/wp-content\/uploads\/sites\/3\/2025\/01\/galenoEstetica_favicon.png","width":128,"height":128,"caption":"Galeno Clinic Est\u00e9tica"},"image":{"@id":"https:\/\/galenoclinic.com\/estetica\/#\/schema\/logo\/image\/"},"sameAs":["https:\/\/www.facebook.com\/GalenoClinicIbiza\/?locale=es_ES","https:\/\/www.instagram.com\/galeno_clinic_ibiza\/?hl=es"]}]}},"_links":{"self":[{"href":"https:\/\/galenoclinic.com\/estetica\/wp-json\/wp\/v2\/pages\/72","targetHints":{"allow":["GET"]}}],"collection":[{"href":"https:\/\/galenoclinic.com\/estetica\/wp-json\/wp\/v2\/pages"}],"about":[{"href":"https:\/\/galenoclinic.com\/estetica\/wp-json\/wp\/v2\/types\/page"}],"author":[{"embeddable":true,"href":"https:\/\/galenoclinic.com\/estetica\/wp-json\/wp\/v2\/users\/1"}],"replies":[{"embeddable":true,"href":"https:\/\/galenoclinic.com\/estetica\/wp-json\/wp\/v2\/comments?post=72"}],"version-history":[{"count":14,"href":"https:\/\/galenoclinic.com\/estetica\/wp-json\/wp\/v2\/pages\/72\/revisions"}],"predecessor-version":[{"id":1945,"href":"https:\/\/galenoclinic.com\/estetica\/wp-json\/wp\/v2\/pages\/72\/revisions\/1945"}],"up":[{"embeddable":true,"href":"https:\/\/galenoclinic.com\/estetica\/wp-json\/wp\/v2\/pages\/63"}],"wp:attachment":[{"href":"https:\/\/galenoclinic.com\/estetica\/wp-json\/wp\/v2\/media?parent=72"}],"curies":[{"name":"wp","href":"https:\/\/api.w.org\/{rel}","templated":true}]}}